se 14) to base 3.
-10
Convert 31 (base 10) to base 14.
23
-121 (base 5) to base 12
-30
-61 (base 7) to base 11
-3a
Convert -20 (base 4) to base 7.
-11
-1 (base 10) to base 6
-1
Convert b (base 14) to base 16.
b
-110 (base 2) to base 9
-6
48 (base 10) to base 3
1210
What is -3 (base 6) in base 4?
-3
-6 (base 13) to base 9
-6
Convert 138 (base 12) to base 10.
188
What is -36 (base 16) in base 3?
-2000
Convert -2 (base 14) to base 5.
-2
-a (base 16) to base 2
-1010
What is 38 (base 12) in base 5?
134
23 (base 15) to base 14
25
What is 8 (base 11) in base 10?
8
201 (base 3) to base 10
19
Convert -10 (base 4) to base 2.
-100
-210 (base 3) to base 11
-1a
What is -3 (base 15) in base 7?
-3
Convert 134 (base 5) to base 6.
112
-36 (base 8) to base 5
-110
2 (base 13) to base 15
2
What is -160 (base 8) in base 11?
-a2
What is 100 (base 4) in base 11?
15
Convert 17 (base 8) to base 10.
15
Convert -221 (base 5) to base 2.
-111101
Convert 67 (base 8) to base 14.
3d
Convert 1 (base 16) to base 15.
1
-3 (base 11) to base 13
-3
125 (base 6) to base 9
58
Convert -19 (base 10) to base 2.
-10011
Convert 102 (base 6) to base 12.
32
What is 2 (base 16) in base 9?
2
What is 5 (base 8) in base 13?
5
Convert -21 (base 3) to base 9.
-7
Convert 2 (base 15) to base 4.
2
What is 6 (base 7) in base 6?
10
What is -1e (base 15) in base 14?
-21
Convert 4 (base 8) to base 2.
100
What is -55 (base 13) in base 3?
-2121
2 (base 16) to base 11
2
Convert 0 (base 6) to base 5.
0
Convert 4 (base 7) to base 15.
4
Convert -3 (base 16) to base 6.
-3
What is -164 (base 8) in base 11?
-a6
Convert 46 (base 14) to base 12.
52
Convert -18 (base 13) to base 3.
-210
23 (base 6) to base 5
30
What is -1000 (base 2) in base 4?
-20
What is 5 (base 6) in base 11?
5
What is 11 (base 4) in base 15?
5
6 (base 7) to base 15
6
-48 (base 9) to base 15
-2e
What is 3 (base 8) in base 2?
11
0 (base 3) to base 2
0
Convert 1 (base 10) to base 2.
1
a (base 16) to base 6
14
0 (base 7) to base 13
0
What is 2 (base 6) in base 3?
2
Convert -6 (base 13) to base 10.
-6
What is -2 (base 9) in base 13?
-2
3 (base 5) to base 12
3
What is -4 (base 12) in base 9?
-4
What is -21012 (base 3) in base 15?
-ce
-3 (base 5) to base 10
-3
35 (base 8) to base 10
29
What is -12 (base 3) in base 10?
-5
Convert 11 (base 5) to base 12.
6
Convert 12 (base 13) to base 7.
21
Convert -1121 (base 5) to base 14.
-b7
What is -7 (base 10) in base 2?
-111
Convert 3 (base 13) to base 2.
11
What is -10 (base 4) in base 10?
-4
What is -c (base 15) in base 6?
-20
What is -1 (base 8) in base 7?
-1
What is 2011 (base 3) in base 2?
111010
-81 (base 9) to base 4
-1021
Convert -123 (base 15) to base 5.
-2013
9 (base 13) to base 7
12
-5 (base 12) to base 9
-5
What is -12 (base 5) in base 7?
-10
56 (base 11) to base 10
61
What is 1 (base 9) in base 7?
1
-10103 (base 4) to base 14
-159
Convert 1101 (base 2) to base 7.
16
-2 (base 7) to base 15
-2
-112 (base 4) to base 3
-211
-25 (base 11) to base 8
-33
Convert 19 (base 11) to base 13.
17
What is 3 (base 11) in base 14?
3
Convert 12021 (base 3) to base 7.
262
-224 (base 12) to base 4
-10330
-1 (base 13) to base 11
-1
What is -8 (base 10) in base 2?
-1000
What is 11 (base 8) in base 3?
100
Convert -1 (base 9) to base 3.
-1
-d (base 15) to base 7
-16
-c (base 16) to base 4
-30
-37 (base 9) to base 8
-42
-12 (base 4) to base 11
-6
-117 (base 10) to base 2
-1110101
-2c (base 14) to base 16
-28
Convert -10 (base 3) to base 2.
-11
What is -1 (base 13) in base 16?
-1
-304 (base 9) to base 2
-11110111
What is -5 (base 12) in base 5?
-10
-26 (base 10) to base 12
-22
-8 (base 12) to base 2
-1000
Convert 406 (base 9) to base 4.
11022
1b9 (base 12) to base 9
346
15 (base 10) to base 5
30
What is -12 (base 12) in base 2?
-1110
-12 (base 11) to base 2
-1101
-a (base 16) to base 5
-20
-27 (base 15) to base 2
-100101
Convert 41 (base 15) to base 8.
75
-30 (base 10) to base 5
-110
-162 (base 9) to base 11
-115
Convert -125 (base 11) to base 10.
-148
3 (base 14) to base 12
3
What is 1 (base 11) in base 9?
1
0 (base 16) to base 5
0
-9 (base 14) to base 16
-9
What is -29 (base 12) in base 14?
-25
-2 (base 3) to base 4
-2
What is -37 (base 8) in base 3?
-1011
Convert -1 (base 11) to base 14.
-1
What is 19 (base 12) in base 14?
17
-101 (base 4) to base 6
-25
36 (base 15) to base 6
123
Convert 10 (base 2) to base 3.
2
Convert -20 (base 9) to base 3.
-200
Convert -7 (base 14) to base 8.
-7
Convert -2122 (base 4) to base 6.
-414
Convert 4 (base 5) to base 16.
4
What is 10 (base 3) in base 15?
3
What is 21 (base 3) in base 11?
7
Convert 8 (base 10) to base 6.
12
-99 (base 15) to base 12
-100
Convert 15 (base 16) to base 10.
21
5 (base 14) to base 2
101
11 (base 8) to base 14
9
-23 (base 5) to base 14
-d
Convert -21220 (base 3) to base 8.
-325
What is -9 (base 13) in base 7?
-12
What is -1 (base 8) in base 12?
-1
-38 (base 12) to base 13
-35
-125 (base 7) to base 14
-4c
1 (base 3) to base 10
1
Convert 18 (base 9) to base 11.
16
-2 (base 14) to base 4
-2
-1211 (base 3) to base 12
-41
Convert -3 (base 15) to base 8.
-3
Convert -1ac (base 13) to base 14.
-183
Convert 133 (base 4) to base 16.
1f
What is 3 (base 11) in base 7?
3
Convert 3200 (base 5) to base 16.
1a9
-4 (base 9) to base 12
-4
-2 (base 4) to base 3
-2
What is -1122 (base 3) in base 13?
-35
Convert -4 (base 12) to base 7.
-4
9a (base 14) to base 3
12001
What is 3 (base 9) in base 15?
3
-10000 (base 2) to base 9
-17
Convert -144 (base 10) to base 4.
-2100
29 (base 11) to base 7
43
What is -24 (base 6) in base 10?
-16
What is 212 (base 3) in base 8?
27
Convert 41 (base 13) to base 3.
1222
What is 10011 (base 2) in base 16?
13
What is -12 (base 4) in base 3?
-20
Convert 1100 (base 2) to base 13.
c
Convert 1111101 (base 2) to base 7.
236
What is -125 (base 7) in base 9?
-75
63 (base 13) to base 16
51
5 (base 11) to base 2
101
Convert 13 (base 5) to base 13.
8
What is -111101 (base 2) in base 4?
-331
-1 (base 2) to base 16
-1
19a (base 16) to base 3
120012
Convert 2 (base 11) to base 14.
2
What is 10 (base 7) in base 14?
7
What is 36 (base 14) in base 9?
53
1 (base 10) to base 11
1
What is -1122 (base 4) in base 6?
-230
-1122 (base 3) to base 5
-134
27 (base 10) to base 15
1c
21 (base 9) to base 2
10011
-320 (base 4) to base 13
-44
Convert 38 (base 11) to base 15.
2b
What is -3 (base 8) in base 14?
-3
What is -1011000 (base 2) in base 15?
-5d
Convert -2 (base 7) to base 3.
-2
Convert 47 (base 8) to base 4.
213
What is -10221 (base 3) in base 7?
-211
What is 13 (base 7) in base 15?
a
What is -10011 (base 2) in base 7?
-25
Convert -15 (base 6) to base 10.
-11
What is 2 (base 14) in base 8?
2
What is -5a (base 13) in base 3?
-2210
Convert -8a (base 13) to base 12.
-96
-43 (base 8) to base 14
-27
-3 (base 4) to base 2
-11
15 (base 6) to base 8
13
Convert 6 (base 7) to base 14.
6
-1 (base 9) to base 11
-1
3 (base 11) to base 5
3
15 (base 9) to base 14
10
What is -14a (base 14) in base 15?
-127
-2 (base 10) to base 13
-2
What is -10 (base 7) in base 4?
-13
What is -3 (base 6) in base 7?
-3
Convert -73 (base 9) to base 14.
-4a
Convert 3 (base 9) to base 13.
3
What is -2 (base 7) in base 2?
-10
26 (base 9) to base 13
1b
0 (base 5) to base 7
0
What is 8 (base 9) in base 16?
8
What is 10 (base 4) in base 16?
4
What is -117 (base 11) in base 16?
-8b
What is -55 (base 9) in base 3?
-1212
What is -6b (base 13) in base 12?
-75
6 (base 14) to base 5
11
Convert -111 (base 16) to base 12.
-1a9
Convert -1 (base 8) to base 11.
-1
What is 10 (base 10) in base 14?
a
113 (base 5) to base 15
23
Convert -2 (base 6) to base 3.
-2
What is -9e (base 15) in base 2?
-10010101
What is -2 (base 16) in base 10?
-2
Convert 0 (base 9) to base 16.
0
What is -2133 (base 4) in base 2?
-10011111
What is 2 (base 3) in base 2?
10
What is -12200 (base 3) in base 5?
-1103
What is 1 (base 6) in base 13?
1
1112 (base 4) to base 11
79
317 (base 8) to base 14
10b
What is 1 (base 7) in base 9?
1
Convert 33 (base 4) to base 12.
13
101010 (base 3) to base 16
111
-102 (base 6) to base 10
-38
104 (base 9) to base 12
71
Convert 100 (base 6) to base 11.
33
What is 1110010 (base 2) in base 12?
96
166 (base 11) to base 6
521
Convert 2 (base 4) to base 7.
2
11 (base 9) to base 16
a
75 (base 9) to base 13
53
Convert 2 (base 11) 